{"id":1338,"date":"2023-12-13T21:26:03","date_gmt":"2023-12-13T21:26:03","guid":{"rendered":"https:\/\/valtours.hr\/web\/?page_id=1338"},"modified":"2023-12-15T23:09:16","modified_gmt":"2023-12-15T23:09:16","slug":"cetratour-3","status":"publish","type":"page","link":"https:\/\/valtours.hr\/?page_id=1338&lang=hr","title":{"rendered":"o nama"},"content":{"rendered":"\n<div class=\"wp-block-group alignfull has-base-background-color has-background has-global-padding is-layout-constrained wp-container-core-group-is-layout-d89aad35 wp-block-group-is-layout-constrained\" style=\"margin-top:0;margin-bottom:0;padding-top:var(--wp--preset--spacing--50);padding-right:var(--wp--preset--spacing--50);padding-bottom:var(--wp--preset--spacing--50);padding-left:var(--wp--preset--spacing--50)\">\n<div class=\"wp-block-columns alignwide is-layout-flex wp-container-core-columns-is-layout-549b0c86 wp-block-columns-is-layout-flex\">\n<div class=\"wp-block-column has-global-padding is-content-justification-left is-layout-constrained wp-container-core-column-is-layout-4f15e8fe wp-block-column-is-layout-constrained\" style=\"flex-basis:40%\">\n<figure class=\"wp-block-image alignfull size-full is-style-rounded is-style-rounded--1\"><img loading=\"lazy\" decoding=\"async\" width=\"2560\" height=\"1920\" src=\"https:\/\/valtours.hr\/web\/wp-content\/uploads\/2023\/12\/20180328_145923-scaled.jpg\" alt=\"\" class=\"wp-image-1349\" srcset=\"https:\/\/valtours.hr\/web\/wp-content\/uploads\/2023\/12\/20180328_145923-scaled.jpg 2560w, https:\/\/valtours.hr\/web\/wp-content\/uploads\/2023\/12\/20180328_145923-300x225.jpg 300w, https:\/\/valtours.hr\/web\/wp-content\/uploads\/2023\/12\/20180328_145923-1024x768.jpg 1024w, https:\/\/valtours.hr\/web\/wp-content\/uploads\/2023\/12\/20180328_145923-768x576.jpg 768w, https:\/\/valtours.hr\/web\/wp-content\/uploads\/2023\/12\/20180328_145923-1536x1152.jpg 1536w, https:\/\/valtours.hr\/web\/wp-content\/uploads\/2023\/12\/20180328_145923-2048x1536.jpg 2048w\" sizes=\"auto, (max-width: 2560px) 100vw, 2560px\" \/><\/figure>\n<\/div>\n\n\n\n<div class=\"wp-block-column is-layout-flow wp-container-core-column-is-layout-119bc444 wp-block-column-is-layout-flow\" style=\"flex-basis:60%\">\n<p class=\"has-heading-font-family has-x-large-font-size\" style=\"line-height:1.2\"><strong>ZA\u0160TO BISTE IZABRALI VAL-TOURS KAO SVOG TURISTI\u010cKOG PARTNERA U HRVATSKOJ?<\/strong><\/p>\n\n\n\n<div class=\"wp-block-columns is-layout-flex wp-container-core-columns-is-layout-87beb0d0 wp-block-columns-is-layout-flex\">\n<div class=\"wp-block-column is-layout-flow wp-block-column-is-layout-flow\">\n<p>VAL-TOURS je privatna tvrtka sa sjedi\u0161tem u Osijeku, Hrvatska, koja uspje\u0161no posluje ve\u0107 30 godina. Mi, kao putni\u010dka agencija, bavimo se svim podru\u010djima turizma i prijevoza, od organizacije lokalnih izleta, zimovanja, ljetovanja i izrade svih\u00a0 potrebnih aran\u017emana za realizaciju specifi\u010dnih turisti\u010dkih programa za krstarenja Dunavom i njihove grupe turista (pol. -dnevni, cjelodnevni izleti).<\/p>\n\n\n\n<p>Svojim radom poma\u017eemo u promociji Slavonije, Baranje i Srijema te isto\u010dnog dijela Hrvatske koji je jo\u0161 uvijek dosta neistra\u017eena, ali ujedno vrlo zanimljiva turisti\u010dka destinacija. Unutar na\u0161e tvrtke imamo i visoko obrazovane djelatnike \u2013 prevoditelje engleskog, njema\u010dkog i hrvatskog jezika, korespondente za strane jezike i iskusne turisti\u010dke vodi\u010de koji ve\u0107 du\u017ee vrijeme rade sa stranim gostima. Rije\u010d je o mladim ljudima sa \u0161irokim znanjem i te\u010dnim poznavanjem engleskog i njema\u010dkog jezika. Nadalje, svi su komunikativni i stalno dobivaju izvrsne povratne informacije od na\u0161ih gostiju.<\/p>\n\n\n\n<p>Posjedujemo i moderne visokokvalitetne autobuse (marke Mercedes, Man), sa cca 50 sjede\u0107ih mjesta po autobusu, klimu, WC, TV.<\/p>\n\n\n\n<p>Osim toga, visoko smo motivirani i spremni na nove izazove. Poznajemo lokalne obi\u010daje i povijest kraja \u0161to se mo\u017ee prikazati kroz kvalitetnu prezentaciju. Sve navedeno dokazano je pozitivnim povratnim informacijama na\u0161ih gostiju u sezoni 2023. To\u010dnije, imali smo vi\u0161e od 500.000 gostiju u prethodnoj sezoni, koji su posjetili ovu regiju dok su putovali Danube Cruise Liners. Ovu su regiju ocijenili vi\u0161e nego lijepom, a na\u0161 rad i trud ocijenili izvrsnim ocjenama.<\/p>\n<\/div>\n\n\n\n<div class=\"wp-block-column is-layout-flow wp-block-column-is-layout-flow\">\n<p>Specijalizirali smo se za organiziranje doma\u0107ih ru\u010dkova, gdje na\u0161i gosti imaju priliku objedovati i dru\u017eiti se s prosje\u010dnim, ali vrlo gostoljubivim hrvatskim obiteljima. Ustanovljeno je da je to bio vrhunac njihovog dana. Na\u0161i gosti tako\u0111er imaju priliku probati doma\u0107e specijalitete, odnosno \u0161ljivovicu. Osim ru\u010dka i dru\u017eenja na\u0161i gosti imaju priliku u\u017eivati iu prekrasnom krajoliku jer se na ovim prostorima nalazi jedno od najbogatijih rezervata ptica u ovom dijelu Europe, Kopa\u010dki rit. Rije\u010d je o mo\u010dvarnom podru\u010dju koje se nalazi na samom mjestu gdje se rijeka Drava susre\u0107e s Dunavom i dom je, ili djelomi\u010dno, dom vi\u0161e od 200 vrsta ptica.<\/p>\n\n\n\n<p>Najve\u0107i grad regije je Osijek, mali grad bogate kulturno-povijesne ba\u0161tine. Srce grada je Tvr\u0111a &#8211; tvr\u0111ava, utvrda iz 18. stolje\u0107a.<\/p>\n\n\n\n<p>Regija je tako\u0111er poznata po svojim vinima i vinskim cestama. Prekrasni bre\u017euljkasti dijelovi okru\u017euju ovaj ina\u010de ravni\u010darski dio Hrvatske, a uz ovu cestu nalaze se i brojni vinski podrumi koji proizvode vrhunska bijela vina. Imali smo vrlo pozitivna iskustva s organiziranjem ovakvih posjeta u pro\u0161losti, tako da ih mo\u017eemo organizirati iu budu\u0107nosti, jer smo u vrlo dobroj suradnji s lokalnim vinarima. Tako\u0111er mo\u017eemo dodatno za\u010diniti tambura\u0161kom glazbom, plesom i pjesmom.<\/p>\n\n\n\n<p>Cijeli program i njegovu logistiku u potpunosti pokrivaju na\u0161i uredski administratori koji mogu organizirati programe, trenere, posjete kod ku\u0107e, predavanja o Hrvatskoj i druge usluge koje su dostupne na zahtjev.<\/p>\n\n\n\n<p>Slobodno nas kontaktirajte za na\u0161e ponude, na\u0161 cjenik ili bilo koju drugu uslugu ili potrebne informacije.<\/p>\n<\/div>\n<\/div>\n<\/div>\n<\/div>\n<\/div>\n","protected":false},"excerpt":{"rendered":"<p>ZA\u0160TO BISTE IZABRALI VAL-TOURS KAO SVOG TURISTI\u010cKOG PARTNERA U HRVATSKOJ? VAL-TOURS je privatna tvrtka sa sjedi\u0161tem u Osijeku, Hrvatska, koja uspje\u0161no posluje ve\u0107 30 godina. Mi, kao putni\u010dka agencija, bavimo se svim podru\u010djima turizma i prijevoza, od organizacije lokalnih izleta, zimovanja, ljetovanja i izrade svih\u00a0 potrebnih aran\u017emana za realizaciju specifi\u010dnih turisti\u010dkih programa za krstarenja Dunavom [&hellip;]<\/p>\n","protected":false},"author":1,"featured_media":0,"parent":0,"menu_order":1,"comment_status":"closed","ping_status":"closed","template":"page-no-title","meta":{"footnotes":""},"class_list":["post-1338","page","type-page","status-publish","hentry"],"_links":{"self":[{"href":"https:\/\/valtours.hr\/index.php?rest_route=\/wp\/v2\/pages\/1338","targetHints":{"allow":["GET"]}}],"collection":[{"href":"https:\/\/valtours.hr\/index.php?rest_route=\/wp\/v2\/pages"}],"about":[{"href":"https:\/\/valtours.hr\/index.php?rest_route=\/wp\/v2\/types\/page"}],"author":[{"embeddable":true,"href":"https:\/\/valtours.hr\/index.php?rest_route=\/wp\/v2\/users\/1"}],"replies":[{"embeddable":true,"href":"https:\/\/valtours.hr\/index.php?rest_route=%2Fwp%2Fv2%2Fcomments&post=1338"}],"version-history":[{"count":4,"href":"https:\/\/valtours.hr\/index.php?rest_route=\/wp\/v2\/pages\/1338\/revisions"}],"predecessor-version":[{"id":1396,"href":"https:\/\/valtours.hr\/index.php?rest_route=\/wp\/v2\/pages\/1338\/revisions\/1396"}],"wp:attachment":[{"href":"https:\/\/valtours.hr\/index.php?rest_route=%2Fwp%2Fv2%2Fmedia&parent=1338"}],"curies":[{"name":"wp","href":"https:\/\/api.w.org\/{rel}","templated":true}]}}